{"id":1547,"date":"2023-01-10T08:08:41","date_gmt":"2023-01-10T08:08:41","guid":{"rendered":"https:\/\/docs.tellya.ai\/?page_id=1547"},"modified":"2023-01-10T09:49:28","modified_gmt":"2023-01-10T09:49:28","slug":"faq","status":"publish","type":"page","link":"https:\/\/docs.tellya.ai\/index.php\/faq\/","title":{"rendered":"FAQ"},"content":{"rendered":"\n<div class=\"wp-block-ht-blocks-accordion wp-block-hb-accordion\"><div class=\"wp-block-hb-accordion__section\" data-ht-blocks-accordion-block-state=\"closed\"><div class=\"wp-block-hb-accordion__title\"><span>1. Non riesco ad effettuare l\u2019accesso alla piattaforma<\/span><\/div><div class=\"wp-block-hb-accordion__content\"><div class=\"wp-block-hb-accordion__contentwrap\">Se non si \u00e8 in possesso di credenziali (username e password) per accedere alla piattaforma, contattare il referente di progetto (o un altro utente &#8220;amministratore&#8221;) per richiedere la creazione di una nuova utenza personale.<br><br>Nel caso non si riesca ad effettuare l&#8217;accesso tramite il proprio username (indirizzo email) e password pur disponendo di un account personale, \u00e8 possibile seguire il processo di recupero delle credenziali, selezionando l\u2019opzione &#8220;Forgot Password?&#8221; Se tale procedura non dovesse andare a buon fine (ad esempio a causa di utenza bloccata o sospesa), contattare il supporto all\u2019indirizzo mail support@tellya.ai.<\/div><\/div><\/div><div class=\"wp-block-hb-accordion__section\" data-ht-blocks-accordion-block-state=\"closed\"><div class=\"wp-block-hb-accordion__title\"><span>2. Come posso modificare la password del mio account?<\/span><\/div><div class=\"wp-block-hb-accordion__content\"><div class=\"wp-block-hb-accordion__contentwrap\">Per modificare la password di accesso al proprio account \u00e8 necessario accedere alla piattaforma, selezionare il proprio nome utente in alto a destra, l&#8217;icona delle impostazioni e l&#8217;opzione &#8220;Reset Password&#8221;.<\/div><\/div><\/div><div class=\"wp-block-hb-accordion__section\" data-ht-blocks-accordion-block-state=\"closed\"><div class=\"wp-block-hb-accordion__title\"><span>3. Ogni volta che accedo alla piattaforma visualizzo un messaggio &#8220;Alert consumption&#8221;<\/span><\/div><div class=\"wp-block-hb-accordion__content\"><div class=\"wp-block-hb-accordion__contentwrap\">La finestra di &#8220;Alert consumption&#8221; che appare all\u2019accesso in piattaforma avverte del fatto che si stanno per superare (o si sono superate) le quote previste all\u2019interno della licenza acquistata per uno o pi\u00f9 servizi a consumo utilizzati. \u00c8 quindi necessario contattare il supporto selezionando l\u2019opzione &#8220;Quota increase&#8221; proposta dalla finestra per accedere ad un nuovo pacchetto di consumi.<\/div><\/div><\/div><div class=\"wp-block-hb-accordion__section\" data-ht-blocks-accordion-block-state=\"closed\"><div class=\"wp-block-hb-accordion__title\"><span>4. Vorrei avere a disposizione un nuovo agente da selezionare all\u2019interno del connettore NLU<\/span><\/div><div class=\"wp-block-hb-accordion__content\"><div class=\"wp-block-hb-accordion__contentwrap\">Il numero di agenti disponibili per l&#8217;utilizzo all&#8217;interno delle journey come connettore di NLU varia a seconda della tipologia di licenza.<br><br>Per richiedere un&#8217;estensione che preveda uno o pi\u00f9 agenti virtuali da utilizzare all\u2019interno delle journey \u00e8 necessario contattare il supporto all\u2019indirizzo mail support@tellya.ai.<\/div><\/div><\/div><div class=\"wp-block-hb-accordion__section\" data-ht-blocks-accordion-block-state=\"closed\"><div class=\"wp-block-hb-accordion__title\"><span>5. Non riesco ad aggiungere uno o pi\u00f9 connettori all\u2019interno della board del Process Flow<\/span><\/div><div class=\"wp-block-hb-accordion__content\"><div class=\"wp-block-hb-accordion__contentwrap\">Nel caso risulti inibita l&#8217;aggiunta di uno o pi\u00f9 connettori all\u2019interno di una journey (ed essi appaiono in colore &#8220;grigio&#8221;) \u00e8 possibile che:<br><br>1. Il connettore non sia supportato all&#8217;interno della tipologia di journey a cui si sta tentando di aggiungere. Maggiori dettagli riguardo alla possibilit\u00e0 di inserire un determinato connettore all\u2019interno delle diverse tipologie di journey sono presenti in <a href=\"https:\/\/docs.tellya.ai\/index.php\/knowledge-base\/connettori\/\">documentazione<\/a>.<br><br>2. Il connettore non sia compreso nella licenza. In questo caso \u00e8 possibile valutare l&#8217;acquisto dello stesso o di un&#8217;estensione della licenza, contattando il supporto all&#8217;indirizzo support@tellya.ai.<\/div><\/div><\/div><div class=\"wp-block-hb-accordion__section\" data-ht-blocks-accordion-block-state=\"closed\"><div class=\"wp-block-hb-accordion__title\"><span>6. Non riesco a posizionare uno o pi\u00f9 connettori nella posizione desiderata all\u2019interno della board del Process Flow<\/span><\/div><div class=\"wp-block-hb-accordion__content\"><div class=\"wp-block-hb-accordion__contentwrap\">Alcuni connettori presentano dei vincoli di ordinamento e possono essere quindi posizionati e\/o spostati solo se preceduti o seguiti da altri connettori specifici ad essi correlati.<br><br>L&#8217;impossibilit\u00e0 di spostamento o inserimento di un connettore in una specifica posizione viene segnalata all\u2019interno della board da un&#8217;icona di alert\/errore, la quale impedisce di completare l\u2019operazione.<\/div><\/div><\/div><div class=\"wp-block-hb-accordion__section\" data-ht-blocks-accordion-block-state=\"closed\"><div class=\"wp-block-hb-accordion__title\"><span>7. Alcune voci del menu principale non sono presenti e\/o alcune funzionalit\u00e0 di piattaforma non sembrano essere disponibili<\/span><\/div><div class=\"wp-block-hb-accordion__content\"><div class=\"wp-block-hb-accordion__contentwrap\">Non tutte le voci di menu e le funzionalit\u00e0 di piattaforma sono sempre disponibili, ma la loro possibilit\u00e0 di utilizzo \u00e8 vincolata alla tipologia di journey selezionata e alla tipologia di motore di NLU in essa configurato. Inoltre, la visibilit\u00e0 di sezioni e le funzionalit\u00e0, \u00e8 vincolata dai permessi associati alla propria utenza.<br><br>1. Verificare di aver selezionato una tipologia di journey coerente con la funzionalit\u00e0 desiderata (maggiori dettagli presenti in <a href=\"https:\/\/docs.tellya.ai\/\">documentazione<\/a>, all\u2019interno delle pagine dedicate alle singole funzionalit\u00e0\/sezioni di piattaforma).<br><br>2. Verificare di aver configurato all\u2019interno della journey selezionata un motore di NLU per cui la funzionalit\u00e0 ricercata \u00e8 disponibile(maggiori dettagli presenti in <a href=\"https:\/\/docs.tellya.ai\/\">documentazione<\/a>, all&#8217;interno delle pagine dedicate alle singole funzionalit\u00e0\/sezioni di piattaforma).<br><br>3. Verificare con il referente di progetto (o un altro utente &#8220;amministratore&#8221;) i permessi associati alla propria utenza: \u00e8 anche possibile che il ruolo assegnato non sia sufficiente per poter visualizzare una o pi\u00f9 sezioni o agire al loro interno.<\/div><\/div><\/div><div class=\"wp-block-hb-accordion__section\" data-ht-blocks-accordion-block-state=\"closed\"><div class=\"wp-block-hb-accordion__title\"><span>8. Alcune risorse configurate all\u2019interno del motore di NLU non risultano visibili ed utilizzabili all\u2019interno delle sezioni di piattaforma<\/span><\/div><div class=\"wp-block-hb-accordion__content\"><div class=\"wp-block-hb-accordion__contentwrap\">Ogni volta che vengono create delle risorse (intenti, entit\u00e0, pagine, rotte, ecc\u2026) direttamente all\u2019interno del motore di NLU e non sfruttando le funzionalit\u00e0 offerte dalla piattaforma, \u00e8 necessario effettuare una sincronizzazione tra i due strumenti.<br><br>1. Per sincronizzare <em>intenti<\/em>, <em>flussi<\/em>, <em>pagine <\/em>e <em>rotte <\/em>\u00e8 necessario selezionare l\u2019icona <em>refresh<\/em> posta in alto a destra nella sezione &#8220;Design&#8221; &gt; &#8220;Page settings&#8221; &gt; &#8220;Page Status&#8221; oppure &#8220;Design&#8221; &gt; &#8220;Intents settings&#8221; &gt; &#8220;Intent Status&#8221;.<br><br>2. Per sincronizzare <em>entit\u00e0 <\/em>\u00e8 necessario selezionare l\u2019icona <em>refresh <\/em>posta in alto a destra nella sezione &#8220;Design&#8221; &gt; &#8220;Entities&#8221; &gt; &#8220;Entity&#8221;.<\/div><\/div><\/div><div class=\"wp-block-hb-accordion__section\" data-ht-blocks-accordion-block-state=\"closed\"><div class=\"wp-block-hb-accordion__title\"><span>9. All\u2019interno dei grafici della sezione &#8220;Billing&#8221; non visualizzo i dati attesi<\/span><\/div><div class=\"wp-block-hb-accordion__content\"><div class=\"wp-block-hb-accordion__contentwrap\">I grafici presenti all\u2019interno della sezione &#8220;Billing&#8221; mostrano l\u2019utilizzo che viene fatto dei servizi a consumo configurati all\u2019interno delle differenti journey.<br><br>1. Non sempre i dati del giorno corrente sono aggiornati in tempo reale e quindi potrebbero non essere da subito precisi.<br><br>2. Il calcolo dei consumi dei singoli servizi prende in esame unit\u00e0 di misura differenti e specifiche del servizio (richieste effettuate, caratteri processati, interazioni analizzate): verificare che si stia considerando l&#8217;unit\u00e0 di misura corretta per il servizio di interesse (sempre riportata accanto ad ogni grafico o come legenda).<\/div><\/div><\/div><div class=\"wp-block-hb-accordion__section\" data-ht-blocks-accordion-block-state=\"closed\"><div class=\"wp-block-hb-accordion__title\"><span>10. Non riesco ad assegnare un &#8220;topic&#8221; ad un utente tramite la funzionalit\u00e0 &#8220;Training Team&#8221;<\/span><\/div><div class=\"wp-block-hb-accordion__content\"><div class=\"wp-block-hb-accordion__contentwrap\">Per assegnare un &#8220;topic&#8221; ad un utente \u00e8 necessario che esso possieda almeno uno dei permessi di &#8220;Trainer&#8221; (&#8220;training.read&#8221;, &#8220;training.write&#8221;): verificare con il referente di progetto (o un altro utente &#8220;amministratore&#8221;) i permessi associati all&#8217;utenza.<\/div><\/div><\/div><div class=\"wp-block-hb-accordion__section\" data-ht-blocks-accordion-block-state=\"closed\"><div class=\"wp-block-hb-accordion__title\"><span>11. Le interazioni tra utenti e agente virtuale configurato in una journey ES di &#8220;fulfillment&#8221; non vengono visualizzate nel Training<\/span><\/div><div class=\"wp-block-hb-accordion__content\"><div class=\"wp-block-hb-accordion__contentwrap\">Le journey &#8220;fulfillment&#8221; permettono di integrare Tellya all\u2019interno di un processo di gestione delle richieste utente in cui \u00e8 vi \u00e8 gi\u00e0 un collegamento diretto tra il touchpoint di interazione (sito web, applicazione mobile, ecc\u2026) e motore di NLU.<br><br>Affinch\u00e9 le interazioni tra utenti e agente virtuale siano visibili all\u2019interno della sezione &#8220;Training&#8221; \u00e8 necessario abilitare l&#8217;opzione &#8220;Enable webhook call&#8221; nei singoli intenti presenti all\u2019interno del motore di NLU Dialogflow ES.<br><br>Maggiori dettagli sono disponibili all&#8217;interno della <a href=\"https:\/\/docs.tellya.ai\/index.php\/knowledge-base\/design-overview\/#dialogflow-es\">documentazione di prodotto<\/a> e della <a href=\"https:\/\/cloud.google.com\/dialogflow\/es\/docs\/intents-settings#fulfillment\">piattaforma Google Dialogflow<\/a>.<\/div><\/div><\/div><\/div>\n\n\n\n<div class=\"is-layout-flex wp-block-buttons\"><\/div>\n\n\n\n<div class=\"wp-block-button is-style-outline faq-download\"><a class=\"wp-block-button__link wp-element-button\" href=\"https:\/\/docs.tellya.ai\/wp-content\/uploads\/2023\/01\/FAQ-Tellya.pdf\" download=\"Tellya - FAQ\">Download FAQ<\/a><\/div>\n","protected":false},"excerpt":{"rendered":"<p>Download FAQ<\/p>\n","protected":false},"author":2,"featured_media":0,"parent":0,"menu_order":0,"comment_status":"closed","ping_status":"closed","template":"","meta":[],"_links":{"self":[{"href":"https:\/\/docs.tellya.ai\/index.php\/wp-json\/wp\/v2\/pages\/1547"}],"collection":[{"href":"https:\/\/docs.tellya.ai\/index.php\/wp-json\/wp\/v2\/pages"}],"about":[{"href":"https:\/\/docs.tellya.ai\/index.php\/wp-json\/wp\/v2\/types\/page"}],"author":[{"embeddable":true,"href":"https:\/\/docs.tellya.ai\/index.php\/wp-json\/wp\/v2\/users\/2"}],"replies":[{"embeddable":true,"href":"https:\/\/docs.tellya.ai\/index.php\/wp-json\/wp\/v2\/comments?post=1547"}],"version-history":[{"count":13,"href":"https:\/\/docs.tellya.ai\/index.php\/wp-json\/wp\/v2\/pages\/1547\/revisions"}],"predecessor-version":[{"id":1568,"href":"https:\/\/docs.tellya.ai\/index.php\/wp-json\/wp\/v2\/pages\/1547\/revisions\/1568"}],"wp:attachment":[{"href":"https:\/\/docs.tellya.ai\/index.php\/wp-json\/wp\/v2\/media?parent=1547"}],"curies":[{"name":"wp","href":"https:\/\/api.w.org\/{rel}","templated":true}]}}